{"id":8,"date":"2018-03-27T19:58:59","date_gmt":"2018-03-27T17:58:59","guid":{"rendered":"http:\/\/champagnearnaudmoreau.com\/?page_id=8"},"modified":"2020-01-15T08:10:38","modified_gmt":"2020-01-15T07:10:38","slug":"a-propos-de","status":"publish","type":"page","link":"https:\/\/champagnearnaudmoreau.com\/?page_id=8","title":{"rendered":"\u00c0 propos"},"content":{"rendered":"<p>Depuis trois g\u00e9n\u00e9rations, notre famille s\u2019investit dans la culture de la vigne et l\u2019\u00e9laboration de vos vins de Champagne. Notre vignoble, situ\u00e9 sur la Montagne de Reims, est enti\u00e8rement class\u00e9\u00a0100% Grand Cru, la plus haute distinction parmi les vignobles champenois. Celle-ci vous garantit de retrouver dans nos vins le fruit\u00e9 de nos raisins et le caract\u00e8re unique de notre terroir.<\/p>\n<p>Ainsi, nos Pinots Noirs expriment pleinement leurs ar\u00f4mes de fruits rouges, et vous garantissent un d\u00e9licieux \u00e9quilibre entre rondeur, structure, complexit\u00e9 et volupt\u00e9. Nos Chardonnays, quant \u00e0 eux, vous apportent la fra\u00eecheur, la vigueur et la longueur exceptionnelle en bouche de nos Champagnes.<\/p>\n<p>Lors de votre passage dans notre belle r\u00e9gion, nous vous invitons \u00e0 nous rendre visite.\u00a0Nous serons heureux de vous accueillir et de vous faire partager la passion de notre m\u00e9tier.<\/p>\n<p><span style=\"color: #0000ff;\"><a style=\"color: #0000ff;\" href=\"https:\/\/champagnearnaudmoreau.com\/index.php\/contact\/\">Contactez-nous !<\/a><\/span><\/p>\n<p><a href=\"https:\/\/champagnearnaudmoreau.com\/index.php\/ils-parlent-de-nous\/\"><span style=\"color: #0000ff;\">Ou d\u00e9couvrez ce qu&rsquo;ils disent de nous<\/span><\/a><\/p>\n\n\n<figure class=\"wp-block-image size-large\"><img loading=\"lazy\" decoding=\"async\" width=\"1024\" height=\"517\" src=\"https:\/\/champagnearnaudmoreau.com\/wp-content\/uploads\/2018\/09\/20180901_164028-1024x517.jpg\" alt=\"\" class=\"wp-image-212\" srcset=\"https:\/\/champagnearnaudmoreau.com\/wp-content\/uploads\/2018\/09\/20180901_164028-1024x517.jpg 1024w, https:\/\/champagnearnaudmoreau.com\/wp-content\/uploads\/2018\/09\/20180901_164028-300x152.jpg 300w, https:\/\/champagnearnaudmoreau.com\/wp-content\/uploads\/2018\/09\/20180901_164028-768x388.jpg 768w\" sizes=\"auto, (max-width: 1024px) 100vw, 1024px\" \/><\/figure>\n","protected":false},"excerpt":{"rendered":"<p>Depuis trois g\u00e9n\u00e9rations, notre famille s\u2019investit dans la culture de la vigne et l\u2019\u00e9laboration de vos vins de Champagne. Notre vignoble, situ\u00e9 sur la Montagne<a href=\"https:\/\/champagnearnaudmoreau.com\/?page_id=8\" class=\"more-link\">(more&#8230;)<\/a><\/p>\n","protected":false},"author":1,"featured_media":109,"parent":0,"menu_order":0,"comment_status":"closed","ping_status":"closed","template":"","meta":{"_exactmetrics_skip_tracking":false,"_exactmetrics_sitenote_active":false,"_exactmetrics_sitenote_note":"","_exactmetrics_sitenote_category":0,"_uf_show_specific_survey":0,"_uf_disable_surveys":false,"jetpack_post_was_ever_published":false,"footnotes":""},"class_list":["post-8","page","type-page","status-publish","has-post-thumbnail","hentry"],"aioseo_notices":[],"jetpack_sharing_enabled":true,"jetpack_shortlink":"https:\/\/wp.me\/Pa07tc-8","_links":{"self":[{"href":"https:\/\/champagnearnaudmoreau.com\/index.php?rest_route=\/wp\/v2\/pages\/8","targetHints":{"allow":["GET"]}}],"collection":[{"href":"https:\/\/champagnearnaudmoreau.com\/index.php?rest_route=\/wp\/v2\/pages"}],"about":[{"href":"https:\/\/champagnearnaudmoreau.com\/index.php?rest_route=\/wp\/v2\/types\/page"}],"author":[{"embeddable":true,"href":"https:\/\/champagnearnaudmoreau.com\/index.php?rest_route=\/wp\/v2\/users\/1"}],"replies":[{"embeddable":true,"href":"https:\/\/champagnearnaudmoreau.com\/index.php?rest_route=%2Fwp%2Fv2%2Fcomments&post=8"}],"version-history":[{"count":7,"href":"https:\/\/champagnearnaudmoreau.com\/index.php?rest_route=\/wp\/v2\/pages\/8\/revisions"}],"predecessor-version":[{"id":393,"href":"https:\/\/champagnearnaudmoreau.com\/index.php?rest_route=\/wp\/v2\/pages\/8\/revisions\/393"}],"wp:featuredmedia":[{"embeddable":true,"href":"https:\/\/champagnearnaudmoreau.com\/index.php?rest_route=\/wp\/v2\/media\/109"}],"wp:attachment":[{"href":"https:\/\/champagnearnaudmoreau.com\/index.php?rest_route=%2Fwp%2Fv2%2Fmedia&parent=8"}],"curies":[{"name":"wp","href":"https:\/\/api.w.org\/{rel}","templated":true}]}}